 prime factors of j(t)?
2, 31
Let v(a) = a + 1. Let p(q) = -q**3 + 32*q**2 - 37*q - 22. Let j(i) = p(i) + 4*v(i). List the prime factors of j(30).
2, 3, 11
Suppose 5*b - 3*r = 46852, -b + 45*r + 9350 = 41*r. List the prime factors of b.
2, 43, 109
Suppose -2 + 2 = -b. Suppose -j = 5*x - 9 - 8, j - x + 1 = b. Suppose 2*w = -j*s + 278, -5*s + 6*w = w - 675. List the prime factors of s.
137
Suppose t - 6180 - 6062 = -u, 0 = -9*u - 2*t + 110234. What are the prime factors of u?
2, 5, 7
Let m be (6 + 105/(-18))*6. What are the prime factors of -19 + 15 + (882 - 2) + m?
877
Let f = 25503 - -4299. List the prime factors of f.
2, 3, 4967
Suppose -299*s + 2627399 - 581879 = -119*s. List the prime factors of s.
2, 3, 947
List the prime factors of -18055*(-81)/945 - (-6)/14.
2, 3, 43
Let j = 31 + -21. Let c be (7/(-168)*-20)/((-2)/(-12)). Suppose -3*k + 18 = i, -c*i - 3*k + 8*k + j = 0. List the prime factors of i.
2, 3
Suppose 12 = 34*p - 31*p. Suppose -f + 7 = p. Suppose 3*s - 3 = -15, 130 = f*k - s. What are the prime factors of k?
2, 3, 7
Let t = -10850 + 16069. List the prime factors of t.
17, 307
Suppose -4*m - 3*p + 29345 = 0, 5*p - 1 = 6*p. List the prime factors of m.
11, 23, 29
Let l(a) = 24*a**2 + 2. Suppose k + 9 = 19. Suppose 0*q + 3*p = 3*q, k = 5*p. What are the prime factors of l(q)?
2, 7
Let b(v) = v**2 - 2*v - 12. Let o be b(0). Let y(i) = -6*i - 37. List the prime factors of y(o).
5, 7
List the prime factors of 1107531/90 - (-24)/240.
2, 3, 7, 293
Suppose a = -a. Suppose 24*h - 42*h - 42*h = -6480. Suppose a = -5*k + 97 + h. List the prime factors of k.
41
Suppose 31*h = -21*h - 55364 + 238508. List the prime factors of h.
2, 3, 587
Let j(v) = 878 + 18*v + 28*v + 862 - 1660. What are the prime factors of j(10)?
2, 3, 5
Suppose 3*m = 3*z + 21, -m + 0*m - 13 = 3*z. Suppose -4*f - 4*q = -408, 2*f + m*f + q - 396 = 0. List the prime factors of f.
2, 7
Let x = -28808 - -57896. What are the prime factors of x?
2, 3, 101
Let u(i) = -i**3 + 24*i**2 - 18*i + 66. What are the prime factors of u(-26)?
2, 17167
Suppose -4*b + 8*v - 9*v - 24 = 0, 24 = -4*b - 3*v. List the prime factors of 3452/b*(-93)/62.
863
Suppose -5*t - 2 = -3*t, -2*q - 2*t = -27320. What are the prime factors of q?
19, 719
Let b(n) = 37*n + 2. Let z(x) = 2*x**2 + 2*x + 2. Let r = -48 - -47. Let y be z(r). What are the prime factors of b(y)?
2, 19
Let q be 479 - (-1)/(1/5*-1). Suppose -2*c + q = 172. What are the prime factors of c?
151
Let u = 21 + -19. Let m(h) = 13 - 38 + 33*h - 15*h**u + 9 + h**3. List the prime factors of m(13).
3, 5
Suppose -4*r - 52*m + 57*m + 258391 = 0, -14 = 2*m. List the prime factors of r.
7, 9227
Let h(b) be the third derivative of b**5/60 + 7*b**4/12 + 7*b**3/6 + 9*b**2. Let o be h(-14). List the prime factors of -2 + o/((-28)/(-360)).
2, 11
Suppose -1370*f + 1299*f = 1136. Let m(g) = g**2 - g + 1. Let q(j) = 5*j**2 + 18*j - 22. Let u(l) = 4*m(l) - q(l). What are the prime factors of u(f)?
2, 61
Suppose -3*x + 1116 = -1944. Suppose 62*g = 59*g + x. What are the prime factors of g?
2, 5, 17
Let o(b) = b + 2. Let r be o(-2). Let c(m) = 6 + 0 + 0*m**2 + m**2 + 2*m + r*m. List the prime factors of c(-5).
3, 7
Suppose q - 5*f - 7782 = 0, -q + 44*f - 46*f = -7768. List the prime factors of q.
2, 29, 67
Let s = -51 - -46. Let d be (-42)/(-15) + 4/s. Suppose -220 = d*n - 6*n. List the prime factors of n.
5, 11
Suppose 18 = 2*q - 4*p, -2*p - 17 - 20 = -5*q. Suppose -q*h - 341 + 3113 = 0. List the prime factors of h.
2, 3, 11
What are the prime factors of (-636752)/(-204) + 4/6?
2, 7, 223
Let q(x) = 10*x - 47. Let v be q(8). Suppose 22 = 2*c - f, 3*c - 2*f - v = f. Suppose -c*p + 1499 - 36 = 0. List the prime factors of p.
7, 19
Let i = 114668 - 80900. List the prime factors of i.
2, 3, 7, 67
Let h(c) = c**3 - 12*c**2 + 3*c - 42. Let d be h(12). What are the prime factors of (-27)/d*150 - (-5 - -2)?
2, 3, 113
Let h(v) = 15 - 202*v - 29 - 25 + 7*v. What are the prime factors of h(-8)?
3, 13
Let i be (1 - (1 + 1))/(-4)*-20. List the prime factors of (-3)/15*(-20 + i) + 823.
2, 3, 23
Suppose -35 = 5*f, 3*f - 206 + 159 = -4*h. Let q = 3 - 1. Suppose -3*k - q*j + 23 = 0, k - j - h = 3*j. What are the prime factors of k?
3
Suppose 5*y + 221 = -2*k, -6 = -0*k - 3*k. Let w = y - -49. Suppose -137 = w*n - 5*n. What are the prime factors of n?
137
Suppose n = -1, 5*t + 19 = 3*n - 18. What are the prime factors of ((-1686)/t)/((-27)/(-72))?
2, 281
Let p = 27 + -32. Let h(x) = 6*x**2 + 5*x. Let m be h(p). Suppose 5*l - 230 = 4*t, 2*t - 105 - m = -5*l. What are the prime factors of l?
2, 23
What are the prime factors of (-4)/(196/14 + -8 - 70478/11746)?
2, 7, 839
Suppose 5*h + 2232 + 1339 = r, 0 = 3*r - 3*h - 10713. What are the prime factors of r?
3571
Suppose 74*f = -68*f + 1325773 + 1189047. List the prime factors of f.
2, 5, 7, 11, 23
Let n = 201 - -567. Suppose 23*w = -153*w + 880. Suppose -w*b - n = -9*b. List the prime factors of b.
2, 3
Let x = -1905 - -1843. Let n be (-241)/2 + 1/2. Let c = x - n. What are the prime factors of c?
2, 29
Suppose -k = -2*y + 7, 3*y + 2*y - 14 = -k. List the prime factors of k/(6/2823)*(-6 + 4).
941
Let r(i) = i**2 + 8*i + 9. Let j be r(-6). Let p be j + 2328/(-22) - 10/55. Let h = 218 + p. What are the prime factors of h?
109
Let j(c) = 186*c**2 + 5*c - 28. What are the prime factors of j(6)?
2, 17, 197
Let o be (-5 - (-12)/2)/((-1)/(-2)). Suppose o*z + 17 = 6*v - v, -z = -3*v + 10. Suppose -y - v = 0, 0 = 3*j - 4*j + 5*y + 224. List the prime factors of j.
11, 19
Let f(r) = 648*r + 1926. List the prime factors of f(9).
2, 3, 431
Let u(v) = -v**2 + 28*v + 34. Let j be u(12). Let t = j + -88. List the prime factors of t.
2, 3, 23
Suppose -3 = -10*j + 47. Let b be 2 + (-8)/j + 4492/20. Suppose -3*o = i - b, -5*i + 880 + 279 = -2*o. What are the prime factors of i?
3, 7, 11
Let l(d) = -277*d - 93. Let k be l(-2). Let q = 890 - k. List the prime factors of q.
3, 11, 13
Let d(w) = w**2 - w - 4. Let q be d(2). List the prime factors of (q - 36)*138/(-12).
19, 23
Let l(o) = o**2 + 20*o + 46. Let f be l(-15). List the prime factors of 33 + f - (-1511)/1.
3, 5, 101
Let k(b) = 21*b + 6. Let h be k(4). Let u = h + 197. List the prime factors of u.
7, 41
Let v(j) = 48*j + 21. Let n be (-3 + 48/9)/((-3)/(-27)). What are the prime factors of v(n)?
3, 7
Let y = 3215 + -3210. Suppose 387 = v + 2*v. Suppose -y*g = l - 885, 2*l = -2*g + 491 - v. What are the prime factors of g?
2, 11
Let d(c) = 2*c**2 + c - 6. Let u be d(3). Suppose u*y = 19*y - 24. Suppose -y*k + 237 = -621. List the prime factors of k.
11, 13
Let q be ((-2 - -78) + 0)/2. Let u be 150/(-22) + (-26)/143. Let p = q + u. List the prime factors of p.
31
Suppose 4*a - 46 + 6 = 0. Let s(p) = a + 6 + 12 + 13 + 2*p. List the prime factors of s(-10).
3, 7
Let i(r) = 8*r + 20. Let l(n) = 45*n + 99. Let v(g) = 22*i(g) - 4*l(g). List the prime factors of v(-33).
2, 11
Let r be (-3*415 - 3) + -2. Let f be 10/(-40) - r/8. Suppose 0 = -3*q + f - 33. List the prime factors of q.
41
Suppose 0 = 9*l + 11126 - 234227. What are the prime factors of l?
3, 8263
List the prime factors of (-39755)/(-20) + (-8)/(-32).
2, 7, 71
Let a = -6649 + 40904. What are the prime factors of a?
5, 13, 17, 31
Let m(g) = 6*g**3 + g**2 + 6*g + 454. List the prime factors of m(23).
7, 10589
Let u = -34393 + 69926. What are the prime factors of u?
35533
Let r = -39 + 39. Suppose v = -r*v - 186. Let p = -82 - v. List the prime factors of p.
2, 13
Suppose -571604 = 134*a - 1544980. What are the prime factors of a?
2, 227
Let t = -9013 + 26107. List the prime factors of t.
2, 3, 7, 11, 37
Suppose 5*l - 30 = -4*g, -g + 3*l = -0*g + 1. Suppose -g*y - 408 = -1588. Suppose -3*v + y = 26. List the prime factors of v.
2, 5, 7
Suppose -5*b = 4*t + 259, 5*t - t + 4*b + 256 = 0. Let i = 64 + t. Suppose -2*a + 9 + 36 = 3*p, 0 = 2*p - i*a - 43. List the prime factors of p.
17
Suppose -3*d + 2*d = m + 1834, -5*d - 4*m = 9171. Let c = d - -3409. What are the prime factors of c?
2, 787
Let o(t) = 4*t**3 - 4*t**2 + 20*t + 18. Let a be o(-7). Let j = a - -3078. What are the prime factors of j?
2, 347
Let m(i) be the first derivative of i**4/2 + 8*i**3/3 + 2*i**2 - 11*i - 17. Let l be m(-5). What are the prime factors of 3 + 2/(3 + 237/l